{"id":479,"date":"2022-04-21T17:34:54","date_gmt":"2022-04-21T15:34:54","guid":{"rendered":"https:\/\/option-explicit.net\/blog\/?page_id=479"},"modified":"2022-04-21T17:34:55","modified_gmt":"2022-04-21T15:34:55","slug":"politica-de-privacidad-del-blog","status":"publish","type":"page","link":"https:\/\/option-explicit.net\/blog\/politica-de-privacidad-del-blog\/","title":{"rendered":"Pol\u00edtica de privacidad del blog"},"content":{"rendered":"\n<h2 class=\"wp-block-heading\">Qui\u00e9nes somos<\/h2>\n\n\n\n<p>Somos una empresa de inform\u00e1tica ubicada en Madrid con amplia experiencia en el mundo inform\u00e1tico y de telecomunicaciones<strong class=\"privacy-policy-tutorial\"><\/strong>. Nuestros trabajadores son ingenieros en inform\u00e1tica expecializados en el trato, asesoramiento e implantaci\u00f3n de soluciones para empresas y particulares.<\/p>\n\n\n\n<p>Los datos recogidos ser\u00e1n utilizados para la gesti\u00f3n, administraci\u00f3n y mantenimiento de las relaciones comerciales, los servicios contratados, la resoluci\u00f3n de consultas y el env\u00edo de informaci\u00f3n sobre nuestros productos y servicios. <strong>Nunca<\/strong> haremos un uso diferente de los datos suministrados ni los cederemos a terceras personas o entidades.<\/p>\n\n\n\n<p>Puedes consultar las condiciones completas de nuestra pol\u00edtica de privacidad en nuestra web: <a href=\"https:\/\/www.opex.es\/privacidad.php\" target=\"_blank\" rel=\"noreferrer noopener nofollow\">https:\/\/www.opex.es\/privacidad.php<\/a><\/p>\n\n\n\n<h2 class=\"wp-block-heading\">Comentarios<\/h2>\n\n\n\n<p>Cuando los visitantes dejan comentarios en la web, recopilamos los datos que se muestran en el formulario de comentarios, as\u00ed como la direcci\u00f3n IP del visitante y la cadena de agentes de usuario del navegador para ayudar a la detecci\u00f3n de spam.<\/p>\n\n\n\n<h2 class=\"wp-block-heading\">Medios<\/h2>\n\n\n\n<p>Si subes im\u00e1genes a la web, deber\u00edas evitar subir im\u00e1genes con datos de ubicaci\u00f3n (GPS EXIF) incluidos. Los visitantes de la web pueden descargar y extraer cualquier dato de ubicaci\u00f3n de las im\u00e1genes de la web.<\/p>\n\n\n\n<h2 class=\"wp-block-heading\">Cookies<\/h2>\n\n\n\n<p>Si dejas un comentario en nuestro sitio puedes elegir guardar tu nombre, direcci\u00f3n de correo electr\u00f3nico y web en cookies. Esto es para tu comodidad, para que no tengas que volver a rellenar tus datos cuando dejes otro comentario. Estas cookies tendr\u00e1n una duraci\u00f3n de un a\u00f1o.<\/p>\n\n\n\n<p>Si tienes una cuenta y te conectas a este sitio, instalaremos una cookie temporal para determinar si tu navegador acepta cookies. Esta cookie no contiene datos personales y se elimina al cerrar el navegador.<\/p>\n\n\n\n<h2 class=\"wp-block-heading\">Contenido incrustado de otros sitios web<\/h2>\n\n\n\n<p>Los art\u00edculos de este sitio pueden incluir contenido incrustado (por ejemplo, v\u00eddeos, im\u00e1genes, art\u00edculos, etc.). El contenido incrustado de otras webs se comporta exactamente de la misma manera que si el visitante hubiera visitado la otra web.<\/p>\n\n\n\n<p>Estas webs pueden recopilar datos sobre ti, utilizar cookies, incrustar un seguimiento adicional de terceros, y supervisar tu interacci\u00f3n con ese contenido incrustado, incluido el seguimiento de tu interacci\u00f3n con el contenido incrustado si tienes una cuenta y est\u00e1s conectado a esa web.<\/p>\n\n\n\n<h2 class=\"wp-block-heading\">Con qui\u00e9n compartimos tus datos<\/h2>\n\n\n\n<p>No compartimos datos ni vendemos tus datos a terceros.<\/p>\n\n\n\n<h2 class=\"wp-block-heading\">Cu\u00e1nto tiempo conservamos tus datos<\/h2>\n\n\n\n<p>Si dejas un comentario, el comentario y sus metadatos se conservan indefinidamente. Esto es para que podamos reconocer y aprobar comentarios sucesivos autom\u00e1ticamente, en lugar de mantenerlos en una cola de moderaci\u00f3n.<\/p>\n\n\n\n<p>De los usuarios que se registran en nuestra web (si los hay), tambi\u00e9n almacenamos la informaci\u00f3n personal que proporcionan en su perfil de usuario. Todos los usuarios pueden ver, editar o eliminar su informaci\u00f3n personal en cualquier momento (excepto que no pueden cambiar su nombre de usuario). Los administradores de la web tambi\u00e9n pueden ver y editar esa informaci\u00f3n.<\/p>\n\n\n\n<h2 class=\"wp-block-heading\">Qu\u00e9 derechos tienes sobre tus datos<\/h2>\n\n\n\n<p>Si tienes una cuenta o has dejado comentarios en esta web, puedes solicitar recibir un archivo de exportaci\u00f3n de los datos personales que tenemos sobre ti, incluyendo cualquier dato que nos hayas proporcionado. Tambi\u00e9n puedes solicitar que eliminemos cualquier dato personal que tengamos sobre ti. Esto no incluye ning\u00fan dato que estemos obligados a conservar con fines administrativos, legales o de seguridad. Consulta la p\u00e1gina de Pol\u00edtica de privacidad de nuestra web <a href=\"https:\/\/www.opex.es\/privacidad.php\" target=\"_blank\" rel=\"noreferrer noopener nofollow\">https:\/\/www.opex.es\/privacidad.php<\/a> para m\u00e1s informaci\u00f3n.<\/p>\n","protected":false},"excerpt":{"rendered":"<p>Qui\u00e9nes somos Somos una empresa de inform\u00e1tica ubicada en Madrid con amplia experiencia en el mundo inform\u00e1tico y de telecomunicaciones. Nuestros trabajadores son ingenieros en inform\u00e1tica expecializados en el trato, asesoramiento e implantaci\u00f3n de soluciones para empresas y particulares. Los datos recogidos ser\u00e1n utilizados para la gesti\u00f3n, administraci\u00f3n y mantenimiento de las relaciones comerciales, los &hellip; <\/p>\n<p class=\"link-more\"><a href=\"https:\/\/option-explicit.net\/blog\/politica-de-privacidad-del-blog\/\" class=\"more-link\">Continuar leyendo<span class=\"screen-reader-text\"> \u00abPol\u00edtica de privacidad del blog\u00bb<\/span><\/a><\/p>\n","protected":false},"author":1,"featured_media":0,"parent":0,"menu_order":0,"comment_status":"closed","ping_status":"closed","template":"","meta":{"footnotes":""},"class_list":["post-479","page","type-page","status-publish","hentry"],"yoast_head":"<!-- This site is optimized with the Yoast SEO plugin v27.5 - https:\/\/yoast.com\/product\/yoast-seo-wordpress\/ -->\n<title>Pol\u00edtica de privacidad del blog - Opex Inform\u00e1tica<\/title>\n<meta name=\"description\" content=\"Pol\u00edtica de privacidad del blog de Opex Inform\u00e1tica\" \/>\n<meta name=\"robots\" content=\"index, follow, max-snippet:-1, max-image-preview:large, max-video-preview:-1\" \/>\n<link rel=\"canonical\" href=\"https:\/\/option-explicit.net\/blog\/politica-de-privacidad-del-blog\/\" \/>\n<meta property=\"og:locale\" content=\"es_ES\" \/>\n<meta property=\"og:type\" content=\"article\" \/>\n<meta property=\"og:title\" content=\"Pol\u00edtica de privacidad del blog - Opex Inform\u00e1tica\" \/>\n<meta property=\"og:description\" content=\"Pol\u00edtica de privacidad del blog de Opex Inform\u00e1tica\" \/>\n<meta property=\"og:url\" content=\"https:\/\/option-explicit.net\/blog\/politica-de-privacidad-del-blog\/\" \/>\n<meta property=\"og:site_name\" content=\"Opex Inform\u00e1tica\" \/>\n<meta property=\"article:publisher\" content=\"https:\/\/www.facebook.com\/opexInformatica\/\" \/>\n<meta property=\"article:modified_time\" content=\"2022-04-21T15:34:55+00:00\" \/>\n<meta name=\"twitter:card\" content=\"summary_large_image\" \/>\n<meta name=\"twitter:label1\" content=\"Tiempo de lectura\" \/>\n\t<meta name=\"twitter:data1\" content=\"3 minutos\" \/>\n<script type=\"application\/ld+json\" class=\"yoast-schema-graph\">{\"@context\":\"https:\\\/\\\/schema.org\",\"@graph\":[{\"@type\":\"WebPage\",\"@id\":\"https:\\\/\\\/option-explicit.net\\\/blog\\\/politica-de-privacidad-del-blog\\\/\",\"url\":\"https:\\\/\\\/option-explicit.net\\\/blog\\\/politica-de-privacidad-del-blog\\\/\",\"name\":\"Pol\u00edtica de privacidad del blog - Opex Inform\u00e1tica\",\"isPartOf\":{\"@id\":\"https:\\\/\\\/option-explicit.net\\\/blog\\\/#website\"},\"datePublished\":\"2022-04-21T15:34:54+00:00\",\"dateModified\":\"2022-04-21T15:34:55+00:00\",\"description\":\"Pol\u00edtica de privacidad del blog de Opex Inform\u00e1tica\",\"breadcrumb\":{\"@id\":\"https:\\\/\\\/option-explicit.net\\\/blog\\\/politica-de-privacidad-del-blog\\\/#breadcrumb\"},\"inLanguage\":\"es\",\"potentialAction\":[{\"@type\":\"ReadAction\",\"target\":[\"https:\\\/\\\/option-explicit.net\\\/blog\\\/politica-de-privacidad-del-blog\\\/\"]}]},{\"@type\":\"BreadcrumbList\",\"@id\":\"https:\\\/\\\/option-explicit.net\\\/blog\\\/politica-de-privacidad-del-blog\\\/#breadcrumb\",\"itemListElement\":[{\"@type\":\"ListItem\",\"position\":1,\"name\":\"Portada\",\"item\":\"https:\\\/\\\/option-explicit.net\\\/blog\\\/\"},{\"@type\":\"ListItem\",\"position\":2,\"name\":\"Pol\u00edtica de privacidad del blog\"}]},{\"@type\":\"WebSite\",\"@id\":\"https:\\\/\\\/option-explicit.net\\\/blog\\\/#website\",\"url\":\"https:\\\/\\\/option-explicit.net\\\/blog\\\/\",\"name\":\"Opex Inform\u00e1tica\",\"description\":\"Blog\",\"publisher\":{\"@id\":\"https:\\\/\\\/option-explicit.net\\\/blog\\\/#organization\"},\"potentialAction\":[{\"@type\":\"SearchAction\",\"target\":{\"@type\":\"EntryPoint\",\"urlTemplate\":\"https:\\\/\\\/option-explicit.net\\\/blog\\\/?s={search_term_string}\"},\"query-input\":{\"@type\":\"PropertyValueSpecification\",\"valueRequired\":true,\"valueName\":\"search_term_string\"}}],\"inLanguage\":\"es\"},{\"@type\":\"Organization\",\"@id\":\"https:\\\/\\\/option-explicit.net\\\/blog\\\/#organization\",\"name\":\"Option Explicit Inform\u00e1tica\",\"url\":\"https:\\\/\\\/option-explicit.net\\\/blog\\\/\",\"logo\":{\"@type\":\"ImageObject\",\"inLanguage\":\"es\",\"@id\":\"https:\\\/\\\/option-explicit.net\\\/blog\\\/#\\\/schema\\\/logo\\\/image\\\/\",\"url\":\"https:\\\/\\\/option-explicit.net\\\/blog\\\/wp-content\\\/uploads\\\/2017\\\/02\\\/LogoOpex200.jpg\",\"contentUrl\":\"https:\\\/\\\/option-explicit.net\\\/blog\\\/wp-content\\\/uploads\\\/2017\\\/02\\\/LogoOpex200.jpg\",\"width\":200,\"height\":114,\"caption\":\"Option Explicit Inform\u00e1tica\"},\"image\":{\"@id\":\"https:\\\/\\\/option-explicit.net\\\/blog\\\/#\\\/schema\\\/logo\\\/image\\\/\"},\"sameAs\":[\"https:\\\/\\\/www.facebook.com\\\/opexInformatica\\\/\"]}]}<\/script>\n<!-- \/ Yoast SEO plugin. -->","yoast_head_json":{"title":"Pol\u00edtica de privacidad del blog - Opex Inform\u00e1tica","description":"Pol\u00edtica de privacidad del blog de Opex Inform\u00e1tica","robots":{"index":"index","follow":"follow","max-snippet":"max-snippet:-1","max-image-preview":"max-image-preview:large","max-video-preview":"max-video-preview:-1"},"canonical":"https:\/\/option-explicit.net\/blog\/politica-de-privacidad-del-blog\/","og_locale":"es_ES","og_type":"article","og_title":"Pol\u00edtica de privacidad del blog - Opex Inform\u00e1tica","og_description":"Pol\u00edtica de privacidad del blog de Opex Inform\u00e1tica","og_url":"https:\/\/option-explicit.net\/blog\/politica-de-privacidad-del-blog\/","og_site_name":"Opex Inform\u00e1tica","article_publisher":"https:\/\/www.facebook.com\/opexInformatica\/","article_modified_time":"2022-04-21T15:34:55+00:00","twitter_card":"summary_large_image","twitter_misc":{"Tiempo de lectura":"3 minutos"},"schema":{"@context":"https:\/\/schema.org","@graph":[{"@type":"WebPage","@id":"https:\/\/option-explicit.net\/blog\/politica-de-privacidad-del-blog\/","url":"https:\/\/option-explicit.net\/blog\/politica-de-privacidad-del-blog\/","name":"Pol\u00edtica de privacidad del blog - Opex Inform\u00e1tica","isPartOf":{"@id":"https:\/\/option-explicit.net\/blog\/#website"},"datePublished":"2022-04-21T15:34:54+00:00","dateModified":"2022-04-21T15:34:55+00:00","description":"Pol\u00edtica de privacidad del blog de Opex Inform\u00e1tica","breadcrumb":{"@id":"https:\/\/option-explicit.net\/blog\/politica-de-privacidad-del-blog\/#breadcrumb"},"inLanguage":"es","potentialAction":[{"@type":"ReadAction","target":["https:\/\/option-explicit.net\/blog\/politica-de-privacidad-del-blog\/"]}]},{"@type":"BreadcrumbList","@id":"https:\/\/option-explicit.net\/blog\/politica-de-privacidad-del-blog\/#breadcrumb","itemListElement":[{"@type":"ListItem","position":1,"name":"Portada","item":"https:\/\/option-explicit.net\/blog\/"},{"@type":"ListItem","position":2,"name":"Pol\u00edtica de privacidad del blog"}]},{"@type":"WebSite","@id":"https:\/\/option-explicit.net\/blog\/#website","url":"https:\/\/option-explicit.net\/blog\/","name":"Opex Inform\u00e1tica","description":"Blog","publisher":{"@id":"https:\/\/option-explicit.net\/blog\/#organization"},"potentialAction":[{"@type":"SearchAction","target":{"@type":"EntryPoint","urlTemplate":"https:\/\/option-explicit.net\/blog\/?s={search_term_string}"},"query-input":{"@type":"PropertyValueSpecification","valueRequired":true,"valueName":"search_term_string"}}],"inLanguage":"es"},{"@type":"Organization","@id":"https:\/\/option-explicit.net\/blog\/#organization","name":"Option Explicit Inform\u00e1tica","url":"https:\/\/option-explicit.net\/blog\/","logo":{"@type":"ImageObject","inLanguage":"es","@id":"https:\/\/option-explicit.net\/blog\/#\/schema\/logo\/image\/","url":"https:\/\/option-explicit.net\/blog\/wp-content\/uploads\/2017\/02\/LogoOpex200.jpg","contentUrl":"https:\/\/option-explicit.net\/blog\/wp-content\/uploads\/2017\/02\/LogoOpex200.jpg","width":200,"height":114,"caption":"Option Explicit Inform\u00e1tica"},"image":{"@id":"https:\/\/option-explicit.net\/blog\/#\/schema\/logo\/image\/"},"sameAs":["https:\/\/www.facebook.com\/opexInformatica\/"]}]}},"_links":{"self":[{"href":"https:\/\/option-explicit.net\/blog\/wp-json\/wp\/v2\/pages\/479","targetHints":{"allow":["GET"]}}],"collection":[{"href":"https:\/\/option-explicit.net\/blog\/wp-json\/wp\/v2\/pages"}],"about":[{"href":"https:\/\/option-explicit.net\/blog\/wp-json\/wp\/v2\/types\/page"}],"author":[{"embeddable":true,"href":"https:\/\/option-explicit.net\/blog\/wp-json\/wp\/v2\/users\/1"}],"replies":[{"embeddable":true,"href":"https:\/\/option-explicit.net\/blog\/wp-json\/wp\/v2\/comments?post=479"}],"version-history":[{"count":0,"href":"https:\/\/option-explicit.net\/blog\/wp-json\/wp\/v2\/pages\/479\/revisions"}],"wp:attachment":[{"href":"https:\/\/option-explicit.net\/blog\/wp-json\/wp\/v2\/media?parent=479"}],"curies":[{"name":"wp","href":"https:\/\/api.w.org\/{rel}","templated":true}]}}